 ((-71097)/(-52))/(9 - (-6105)/(-680)).
2, 17, 1823
Suppose -49 = -142*o + 149*o. What are the prime factors of 39 - (-5 + 8 + o)?
43
Suppose 8*t - f = 3*t + 48, f - 2 = 0. Let b(x) = 15*x**2 - 4*x**2 - 10*x - 51 - x**3 + 53. What are the prime factors of b(t)?
2
Let w(l) = 215*l**2 + 12*l - 56. List the prime factors of w(11).
3, 13, 223
Let f = 162 + -164. What are the prime factors of (20/(-3) - 0)/(f/6)?
2, 5
Let q = -6 - -12. Suppose -11 - 13 = -q*k. Suppose -k*v + 412 = -0*v. What are the prime factors of v?
103
Suppose 12*w = -19*w + 39680. Suppose 1041 = 2*p - o, -o + 1319 = 5*p - w. What are the prime factors of p?
2, 5, 13
Suppose 29*y - 34*y = -69515. List the prime factors of y.
13903
Suppose 92*v - 2059047 = -541599. What are the prime factors of v?
2, 3, 2749
Suppose -2192 - 211 = 3*d - 5*x, -3*d + x - 2391 = 0. Let h = 1437 + d. What are the prime factors of h?
641
Let n(p) = -3*p - 17. Let g(c) = c - 13. Let h be g(6). Let l be n(h). Suppose -4*w = -8, l*y + 9*w - 4*w - 238 = 0. What are the prime factors of y?
3, 19
Let t = 0 + 0. Suppose 0 = -2*j - 2*p + 58, 2*j + 3*j - 5*p - 95 = 0. Suppose a + a - j = t. List the prime factors of a.
2, 3
Let d = -1287 + 633. Let o = d - -410. Let i = o - -418. List the prime factors of i.
2, 3, 29
What are the prime factors of (-60992)/48*7/(-2)*(-45)/(-30)?
7, 953
Suppose 4*m + o - 19 = 0, 0 = -4*o + o - 3. Let t(b) be the first derivative of -b**4/4 + 7*b**3/3 + 5*b**2 + 2*b + 1. What are the prime factors of t(m)?
2, 3, 17
Suppose -27*j - 6518 - 3013 = 0. Let x = j - -637. List the prime factors of x.
2, 71
Let o be (-7790)/(-18) - (-14)/63. List the prime factors of (-5 - -2 - 1) + o.
3, 11, 13
Suppose -9*t + 4 = -11*t, -5*t - 15 = 5*j. What are the prime factors of ((-10)/(-100)*205)/(j/(-24))?
2, 3, 41
Let j(s) = s**3 + 7*s**2 - 11. Let k be j(-5). Let h = -32 + k. What are the prime factors of (-14)/(-49) - (-628)/h?
2, 3, 5
Let q = -636 - -8138. What are the prime factors of q?
2, 11, 31
Let z(b) = -3*b**2 - 5*b - 4. Let k be z(-3). Let c be ((-35)/10)/((-2)/k). Let u = 16 - c. What are the prime factors of u?
2, 11
Suppose -5*d + 6 = -14. Suppose -d*a = -2345 - 2119. What are the prime factors of a?
2, 3, 31
What are the prime factors of 141*694*((-704)/(-1232))/(12/14)?
2, 47, 347
Let l be (-1160600)/(-210) - 2/(-6). Suppose 0 = -2*u + 17*x - 18*x + 2211, 5*u + 2*x - l = 0. List the prime factors of u.
5, 13, 17
Let h(d) = -d**2 - 11*d - 14. Let s be h(-10). Let m be ((-15)/(-30))/((-2)/s). What are the prime factors of -4 + 5 - m*-21?
2, 11
Let m be -66*((-1)/6)/((-1)/(-4)). Suppose h - 123 = -4*a, 4*h + 5*a - m = 415. Suppose h = -6*z + 393. List the prime factors of z.
47
Suppose 9536 = 18*p - 2812. Let l = p + -197. List the prime factors of l.
3, 163
Let l(s) = 85*s**2 + 5*s - 191. List the prime factors of l(-10).
3, 2753
Let n(x) = x**3 + 5*x**2 + 6. Let v be n(-5). Let u be (8/(-60)*-5)/(1/v). Suppose 5*l - 220 = -5*h, 87 = 2*h + u*l - l. List the prime factors of h.
3, 5
Suppose 2596*l - 2602*l + 87858 = 0. What are the prime factors of l?
3, 1627
Let o(d) = 288*d - 643. List the prime factors of o(20).
7, 17, 43
Suppose 5*a + 11*a = 4*a + 509652. What are the prime factors of a?
3, 11, 13
Suppose 4*n - 3651 = 5*s, 3*n - 2403 = -2*s + 341. Suppose -2*t + 7*r - 6*r = -n, 3*r = 4*t - 1826. What are the prime factors of t?
2, 229
Suppose -191960 = 152*d - 2009272. List the prime factors of d.
2, 7, 61
Let c(f) be the second derivative of -43*f**3/6 - 251*f**2/2 + 7*f - 4. What are the prime factors of c(-22)?
5, 139
Let t(k) = 4*k**2 + 52*k - 13. Let u be t(-14). Suppose -64821 + 24960 = -u*f. What are the prime factors of f?
3, 103
Suppose 6*i - 3*x - 24 = i, -2*i + x + 10 = 0. Suppose -i*s + 1583 = -241. What are the prime factors of s?
2, 19
Suppose 25*f = 9*f + 1616. Suppose i - 2*d - f = 0, 0*d = 4*d + 16. Let a = i + -81. List the prime factors of a.
2, 3
List the prime factors of 23 - 21 - (4 - 5478).
2, 37
Suppose -2*j + 10 = 0, 11*j - 9*j = 4*v - 30. Suppose -4*w + 30 = v, -w = 4*u - 1649. List the prime factors of u.
3, 137
Suppose -8*c + 14*c = 95352. Suppose 3*l - c = -55*l. What are the prime factors of l?
2, 137
Let h(b) = 2*b**3 + 20*b - 10. Let c(d) = -d**3 + 2*d**2 - d - 1. Let r(z) = -3*c(z) - h(z). List the prime factors of r(11).
431
Let i(k) = k**3 + 33*k**2 - 161*k - 122. What are the prime factors of i(-35)?
3, 1021
Let k = -8 - -10. Suppose -10200 = -5*r + k*s + s, 5*r - 10210 = 5*s. List the prime factors of r.
3, 7, 97
Let f be -1*(-6 - (5 + 226)). Let h = f + -45. What are the prime factors of h?
2, 3
Suppose -4*o + 22 = 6. Let j be 4/o + 0 + 0. What are the prime factors of (26 - j) + (1 + 0 - 2)?
2, 3
Suppose -12*j + 10*j + 466 = 0. Suppose 16*u - 2681 = -j. List the prime factors of u.
3, 17
Suppose -2*h + 2*m = -9596, -648*h + 651*h - 14389 = 4*m. What are the prime factors of h?
3, 1601
Suppose -8 + 43 = -5*y. Let r(c) = -95*c - 158. What are the prime factors of r(y)?
3, 13
Let k(r) be the first derivative of 28*r + 7*r**3 + 19/2*r**2 - 3 + 1/4*r**4. What are the prime factors of k(-20)?
2, 3
Suppose 2 = -5*c - 3. Let n = -188 + 208. List the prime factors of (136/(-40) - 5)/(c/n).
2, 3, 7
Let c(v) = v**3 + v**2 + 42*v + 2. Let l be c(11). Let j = l + -570. What are the prime factors of j?
2, 673
Let y(f) = -f + 12. Let i be y(-14). Let c be (-15)/10*i/6*-34. Let q = -103 + c. List the prime factors of q.
2, 59
List the prime factors of 13569/2*13*(-340)/(-663).
2, 5, 4523
Suppose -4*c + 9 = -q, -5*q + 2*c + 3 = -2*c. Suppose -4*t - 5*u + 252 + 1184 = 0, -q*u + 720 = 2*t. Suppose -t = -6*p - 0*p. What are the prime factors of p?
59
Let k = 74 + -73. Let l be (-2)/(-6)*(k - 4 - -486). Let a = -88 + l. What are the prime factors of a?
73
Let c(m) = 180*m - 51. Suppose -16*v = -7*v - 63. List the prime factors of c(v).
3, 13, 31
Let h = 85 - 98. Let g be h/(546/(-192)) - (-3)/7. Suppose g*s + 78 = 928. List the prime factors of s.
2, 5, 17
Suppose y - 7*y - 2136 = 0. Let v = 136 - y. Let n = v + -282. List the prime factors of n.
2, 3, 5, 7
Let k(z) = 42*z**2 - 41*z**2 - 5*z + 4*z + 316. List the prime factors of k(0).
2, 79
Let v(d) = -98*d - 74. Let a be v(-1). What are the prime factors of 3*a + -3 + -2 + 4?
71
Let q(y) = -y + 1. Let m(g) = 35*g - 37. Let p(n) = m(n) + 4*q(n). List the prime factors of p(13).
2, 5, 37
Suppose 2 + 0 = -m, 0 = v - 4*m - 14. Suppose -v*n = -n + 5. List the prime factors of (-228 - (-4 - -4))*n/2.
2, 3, 19
Suppose 2*a - p - 1 = 7, 0 = -2*a - 3*p - 8. Suppose -4*f - 4*v - 52 = 0, -a*f = 2*v - 3*v + 14. What are the prime factors of ((-156)/(-8))/(f/(-24))?
2, 13
What are the prime factors of -18*(-1 + -862 + -13)?
2, 3, 73
Suppose -18 = 3*v - 9*v. Suppose 4*u + 12 = v*u. List the prime factors of 495/6*(-8)/u.
5, 11
Let h(c) be the first derivative of -11*c**4/4 + c**2 + 2*c - 98. List the prime factors of h(-2).
2, 43
Let x = -2618 - -6172. List the prime factors of x.
2, 1777
Suppose a + 5*r + 458 = 0, 2*r = 3*a + a + 1920. Let u = a + 1127. Suppose -2*y + y - 129 = -k, 5*k - y - u = 0. List the prime factors of k.
2, 5, 13
Suppose 5*k - 9*o + 6*o = 142, -3*o + 61 = 2*k. Let s(r) = 17*r - 183. List the prime factors of s(k).
2, 5, 31
Suppose 122*u - 348195 = -45*u. List the prime factors of u.
3, 5, 139
Suppose 0 = -6*o + 3 + 99. Let n = o + -20. Let m = n + 79. What are the prime factors of m?
2, 19
Let b(q) be the second derivative of 2*q**3/3 + 41*q**2/2 - 24*q. Let y be b(-9). Let v(j) = 2*j**3 - 12*j - 11. What are the prime factors of v(y)?
179
Let c(z) = -12*z**2 + 4*z + 8. Let w be c(3). Let t = 84 + w. List the prime factors of t/(-18) - 8704/(-36).
2, 11
Let b(u) = 37*u - 4. Let m be b(21). Let f = m - 113. What are the prime factors of f?
2, 3, 5, 11
List the prime factors of 7418 + 1/(28/336 + 1/(-4)).
2, 17, 109
Suppose -2*k - 2*w + 1 = -w, 6*w = 6. Suppose k = 83*o - 90*o + 10353. List the prime factors of o.
3, 17, 29
Let o = 23 + 76. Suppose -104*n + 155 = -o*n. What are the prime factors of n?
31
Suppose 39*k - 41*k - 5648 = 0. Let u = -1630 - k. What are the prime factors of u?
2, 3, 199
Suppose 2*f = -8, -2*i - 2*i + 36 = -4*f. Suppose 0 = 2*b - i*l - 128, -b - 3*l = -l - 64. List the pri